8 is divided by 60?
58
What is the remainder when 597656 is divided by 420?
416
Calculate the remainder when 23002 is divided by 136.
18
Calculate the remainder when 2077 is divided by 29.
18
Calculate the remainder when 3286 is divided by 310.
186
What is the remainder when 6804972 is divided by 113?
112
Calculate the remainder when 7277 is divided by 159.
122
Calculate the remainder when 2129 is divided by 421.
24
What is the remainder when 6176 is divided by 1542?
8
What is the remainder when 69943 is divided by 853?
850
Calculate the remainder when 16423 is divided by 2343.
22
What is the remainder when 2836 is divided by 86?
84
What is the remainder when 390298 is divided by 102?
46
What is the remainder when 4825 is divided by 4810?
15
Calculate the remainder when 13882 is divided by 1158.
1144
Calculate the remainder when 6431 is divided by 452.
103
What is the remainder when 42723 is divided by 931?
828
Calculate the remainder when 323022 is divided by 15.
12
Calculate the remainder when 252919 is divided by 12.
7
What is the remainder when 48546 is divided by 552?
522
What is the remainder when 12135 is divided by 2425?
10
What is the remainder when 7864 is divided by 1937?
116
What is the remainder when 154561 is divided by 12?
1
Calculate the remainder when 1744368 is divided by 5.
3
What is the remainder when 49062 is divided by 701?
693
What is the remainder when 10455 is divided by 5221?
13
Calculate the remainder when 545163 is divided by 68145.
3
What is the remainder when 27759 is divided by 1734?
15
Calculate the remainder when 14568 is divided by 14.
8
Calculate the remainder when 16122 is divided by 1500.
1122
Calculate the remainder when 12372 is divided by 441.
24
Calculate the remainder when 1390 is divided by 620.
150
What is the remainder when 2841 is divided by 118?
9
What is the remainder when 57617 is divided by 33?
32
Calculate the remainder when 3724 is divided by 37.
24
Calculate the remainder when 207096 is divided by 51764.
40
Calculate the remainder when 40190 is divided by 693.
689
What is the remainder when 30533 is divided by 42?
41
What is the remainder when 929294 is divided by 27?
8
What is the remainder when 4386 is divided by 432?
66
Calculate the remainder when 4496 is divided by 126.
86
What is the remainder when 14456 is divided by 89?
38
What is the remainder when 273443 is divided by 68355?
23
What is the remainder when 36306 is divided by 327?
9
What is the remainder when 6325 is divided by 527?
1
Calculate the remainder when 13981 is divided by 1271.
0
What is the remainder when 1096 is divided by 342?
70
Calculate the remainder when 11504 is divided by 21.
17
Calculate the remainder when 9138 is divided by 1412.
666
What is the remainder when 87161 is divided by 195?
191
Calculate the remainder when 1125 is divided by 262.
77
Calculate the remainder when 21692 is divided by 2408.
20
What is the remainder when 7764 is divided by 996?
792
What is the remainder when 2834 is divided by 457?
92
What is the remainder when 21382 is divided by 183?
154
Calculate the remainder when 2341 is divided by 168.
157
Calculate the remainder when 3489 is divided by 3478.
11
Calculate the remainder when 6408 is divided by 429.
402
Calculate the remainder when 3019 is divided by 275.
269
What is the remainder when 217692 is divided by 23?
20
Calculate the remainder when 73366 is divided by 424.
14
Calculate the remainder when 1114627 is divided by 55.
52
What is the remainder when 60446 is divided by 61?
56
Calculate the remainder when 54256 is divided by 97.
33
Calculate the remainder when 707 is divided by 416.
291
Calculate the remainder when 120185 is divided by 256.
121
Calculate the remainder when 3221 is divided by 272.
229
Calculate the remainder when 93598 is divided by 39.
37
Calculate the remainder when 8054 is divided by 1575.
179
Calculate the remainder when 669302 is divided by 13.
10
What is the remainder when 64367 is divided by 1430?
17
What is the remainder when 1864954 is divided by 466237?
6
What is the remainder when 3906 is divided by 186?
0
What is the remainder when 21745 is divided by 159?
121
Calculate the remainder when 1182 is divided by 218.
92
Calculate the remainder when 7845 is divided by 38.
17
What is the remainder when 64176 is divided by 2292?
0
What is the remainder when 758284 is divided by 309?
307
What is the remainder when 68689 is divided by 13?
10
What is the remainder when 14288 is divided by 4759?
11
Calculate the remainder when 25724 is divided by 91.
62
Calculate the remainder when 4071 is divided by 509.
508
Calculate the remainder when 30748 is divided by 5119.
34
Calculate the remainder when 77510 is divided by 193.
117
Calculate the remainder when 1980 is divided by 345.
255
Calculate the remainder when 282830 is divided by 28.
2
Calculate the remainder when 1437 is divided by 544.
349
Calculate the remainder when 77866 is divided by 63.
61
What is the remainder when 1181 is divided by 887?
294
What is the remainder when 15419 is divided by 257?
256
Calculate the remainder when 363442 is divided by 19.
10
What is the remainder when 3304 is divided by 822?
16
What is the remainder when 226 is divided by 177?
49
Calculate the remainder when 1027 is divided by 173.
162
Calculate the remainder when 961 is divided by 32.
1
What is the remainder when 775 is divided by 258?
1
Calculate the remainder when 1111261 is divided by 67.
66
What is the remainder when 2064 is divided by 1113?
951
What is the remainder when 5693 is divided by 63?
23
What is the remainder when 4458 is divided by 69?
42
Calculate the remainder when 71761 is divided by 217.
151
Calculate the remainder when 13423 is divided by 607.
69
Calculate the remainder when 1253 is divided by 445.
363
Calculate the remainder when 31522 is divided by 309.
4
What is the remainder when 4138 is divided by 919?
462
Calculate the remainder when 53695 is divided by 1195.
1115
What is the remainder when 245189 is divided by 10?
9
Calculate the remainder when 4666 is divided by 1724.
1218
What is the remainder when 27583 is divided by 5495?
108
Calculate the remainder when 884 is divided by 37.
33
What is the remainder when 3628 is divided by 903?
16
Calculate the remainder when 95698 is divided by 14.
8
What is the remainder when 9246 is divided by 65?
16
What is the remainder when 106384 is divided by 17712?
112
What is the remainder when 26899 is divided by 65?
54
Calculate the remainder when 2792 is divided by 339.
80
What is the remainder when 121099 is divided by 22?
11
What is the remainder when 742708 is divided by 114?
112
Calculate the remainder when 20284 is divided by 156.
4
Calculate the remainder when 33316 is divided by 68.
64
What is the remainder when 5928 is divided by 129?
123
Calculate the remainder when 43727 is divided by 48.
47
Calculate the remainder when 75350 is divided by 22.
0
What is the remainder when 3218 is divided by 2267?
951
What is the remainder when 863 is divided by 268?
59
What is the remainder when 94173 is divided by 24?
21
What is the remainder when 9068 is divided by 3001?
65
Calculate the remainder when 9775 is divided by 2249.
779
Calculate the remainder when 45676 is divided by 11419.
0
What is the remainder when 596804 is divided by 24?
20
Calculate the remainder when 15018 is divided by 5006.
0
What is the remainder when 48849 is divided by 332?
45
Calculate the remainder when 21911 is divided by 7280.
71
Calculate the remainder when 27072 is divided by 347.
6
Calculate the remainder when 655 is divided by 494.
161
Calculate the remainder when 8773386 is divided by 1565.
1561
What is the remainder when 15930 is divided by 55?
35
What is the remainder when 147397 is divided by 217?
54
What is the remainder when 934890 is divided by 109?
106
Calculate the remainder when 52649 is divided by 130.
129
What is the remainder when 603415 is divided by 25?
15
Calculate the remainder when 9575 is divided by 22.
5
Calculate the remainder when 543 is divided by 535.
8
Calculate the remainder when 1855 is divided by 1367.
488
Calculate the remainder when 49606 is divided by 234.
232
What is the remainder when 22689 is divided by 258?
243
What is the remainder when 27866 is divided 